rime factors of 7550?
2, 5, 151
What are the prime factors of 112837?
53, 2129
What are the prime factors of 7768?
2, 971
List the prime factors of 65776.
2, 4111
What are the prime factors of 5079?
3, 1693
What are the prime factors of 8697?
3, 13, 223
What are the prime factors of 10334?
2, 5167
What are the prime factors of 20807?
20807
List the prime factors of 10150.
2, 5, 7, 29
What are the prime factors of 13581?
3, 503
List the prime factors of 2262.
2, 3, 13, 29
List the prime factors of 741.
3, 13, 19
List the prime factors of 79780.
2, 5, 3989
What are the prime factors of 1052?
2, 263
List the prime factors of 10743.
3, 3581
What are the prime factors of 95412?
2, 3, 7951
List the prime factors of 24256.
2, 379
List the prime factors of 35789.
13, 2753
What are the prime factors of 486?
2, 3
What are the prime factors of 18051?
3, 11, 547
What are the prime factors of 778?
2, 389
List the prime factors of 1598.
2, 17, 47
List the prime factors of 22302.
2, 3, 7, 59
What are the prime factors of 4589?
13, 353
List the prime factors of 1885.
5, 13, 29
List the prime factors of 88757.
17, 23, 227
List the prime factors of 16677.
3, 17, 109
What are the prime factors of 2855?
5, 571
What are the prime factors of 20507?
20507
What are the prime factors of 102?
2, 3, 17
What are the prime factors of 22363?
11, 19, 107
List the prime factors of 3314.
2, 1657
What are the prime factors of 5643?
3, 11, 19
List the prime factors of 22050.
2, 3, 5, 7
List the prime factors of 1054.
2, 17, 31
List the prime factors of 16404.
2, 3, 1367
What are the prime factors of 1603?
7, 229
List the prime factors of 4793.
4793
List the prime factors of 427.
7, 61
What are the prime factors of 9584?
2, 599
List the prime factors of 1449.
3, 7, 23
List the prime factors of 1795.
5, 359
What are the prime factors of 67525?
5, 37, 73
List the prime factors of 120112.
2, 7507
List the prime factors of 13014.
2, 3, 241
List the prime factors of 8979.
3, 41, 73
What are the prime factors of 5017?
29, 173
List the prime factors of 897.
3, 13, 23
List the prime factors of 57246.
2, 3, 7, 29, 47
What are the prime factors of 2810?
2, 5, 281
What are the prime factors of 15028?
2, 13, 17
What are the prime factors of 873?
3, 97
List the prime factors of 32172.
2, 3, 7, 383
What are the prime factors of 99388?
2, 24847
What are the prime factors of 15392?
2, 13, 37
List the prime factors of 1166.
2, 11, 53
List the prime factors of 591.
3, 197
List the prime factors of 986.
2, 17, 29
What are the prime factors of 9777?
3, 3259
List the prime factors of 1101.
3, 367
List the prime factors of 89699.
19, 4721
What are the prime factors of 31749?
3, 19, 557
List the prime factors of 152486.
2, 76243
List the prime factors of 1587.
3, 23
What are the prime factors of 12396?
2, 3, 1033
What are the prime factors of 4563?
3, 13
List the prime factors of 1292.
2, 17, 19
What are the prime factors of 1258?
2, 17, 37
List the prime factors of 26887.
7, 23, 167
List the prime factors of 3280.
2, 5, 41
List the prime factors of 10619.
7, 37, 41
What are the prime factors of 3434?
2, 17, 101
List the prime factors of 4297.
4297
What are the prime factors of 2223?
3, 13, 19
List the prime factors of 14808.
2, 3, 617
List the prime factors of 154158.
2, 3, 25693
List the prime factors of 992.
2, 31
What are the prime factors of 2769?
3, 13, 71
What are the prime factors of 15108?
2, 3, 1259
List the prime factors of 28548.
2, 3, 13, 61
List the prime factors of 549.
3, 61
What are the prime factors of 449?
449
What are the prime factors of 7784?
2, 7, 139
List the prime factors of 1369.
37
What are the prime factors of 551?
19, 29
List the prime factors of 73.
73
List the prime factors of 16974.
2, 3, 23, 41
List the prime factors of 26247.
3, 13, 673
List the prime factors of 1231.
1231
What are the prime factors of 652?
2, 163
List the prime factors of 57.
3, 19
List the prime factors of 716.
2, 179
What are the prime factors of 6859?
19
List the prime factors of 28279.
28279
List the prime factors of 505.
5, 101
What are the prime factors of 32295?
3, 5, 2153
List the prime factors of 1163.
1163
List the prime factors of 376.
2, 47
List the prime factors of 202.
2, 101
What are the prime factors of 31382?
2, 13, 17, 71
List the prime factors of 3672.
2, 3, 17
List the prime factors of 277.
277
List the prime factors of 195514.
2, 11, 8887
List the prime factors of 813.
3, 271
What are the prime factors of 1946?
2, 7, 139
List the prime factors of 552.
2, 3, 23
List the prime factors of 1630.
2, 5, 163
What are the prime factors of 1849?
43
What are the prime factors of 1486?
2, 743
What are the prime factors of 14733?
3, 1637
What are the prime factors of 6896?
2, 431
List the prime factors of 1675.
5, 67
What are the prime factors of 4351?
19, 229
What are the prime factors of 30169?
30169
What are the prime factors of 909?
3, 101
What are the prime factors of 34580?
2, 5, 7, 13, 19
What are the prime factors of 976?
2, 61
What are the prime factors of 24192?
2, 3, 7
List the prime factors of 24370.
2, 5, 2437
List the prime factors of 56795.
5, 37, 307
List the prime factors of 512.
2
List the prime factors of 120471.
3, 13, 3089
What are the prime factors of 147?
3, 7
What are the prime factors of 2854?
2, 1427
List the prime factors of 10512.
2, 3, 73
List the prime factors of 870.
2, 3, 5, 29
What are the prime factors of 68?
2, 17
List the prime factors of 17275.
5, 691
What are the prime factors of 825?
3, 5, 11
What are the prime factors of 2120?
2, 5, 53
List the prime factors of 52322.
2, 26161
List the prime factors of 5132.
2, 1283
List the prime factors of 2203.
2203
List the prime factors of 1623.
3, 541
List the prime factors of 43460.
2, 5, 41, 53
What are the prime factors of 29500?
2, 5, 59
What are the prime factors of 6088?
2, 761
List the prime factors of 9327.
3, 3109
What are the prime factors of 36485?
5, 7297
What are the prime factors of 5056?
2, 79
What are the prime factors of 10816?
2, 13
List the prime factors of 278.
2, 139
List the prime factors of 3521.
7, 503
List the prime factors of 74352.
2, 3, 1549
What are the prime factors of 33182?
2, 47, 353
What are the prime factors of 11963?
7, 1709
What are the prime factors of 377?
13, 29
List the prime factors of 42700.
2, 5, 7, 61
What are the prime factors of 1337?
7, 191
List the prime factors of 3833.
3833
What are the prime factors of 37268?
2, 7, 11
What are the prime factors of 4238?
2, 13, 163
List the prime factors of 55579.
55579
What are the prime factors of 9506?
2, 7, 97
List the prime factors of 10647.
3, 7, 13
What are the prime factors of 46281?
3, 15427
List the prime factors of 94410.
2, 3, 5, 1049
List the prime factors of 29939.
7, 13, 47
List the prime factors of 276.
2, 3, 23
List the prime factors of 4580.
2, 5, 229
What are the prime factors of 17989?
17989
What are the prime factors of 70?
2, 5, 7
List the prime factors of 10656.
2, 3, 37
What are the prime factors of 10?
2, 5
What are the prime factors of 3576?
2, 3, 149
List the prime factors of 2547.
3, 283
List the prime factors of 3396.
2, 3, 283
List the prime factors of 92.
2, 23
What are the prime factors of 1111?
11, 101
What are the prime factors of 929?
929
List the prime factors of 476.
2, 7, 17
What are the prime factors of 15182?
2, 7591
List the prime factors of 21812.
2, 7, 19, 41
What are the prime factors of 32234?
2, 71, 227
What are the prime factors of 850?
2, 5, 17
List the prime factors of 63848.
2, 23, 347
What are the prime factors of 5277?
3, 1759
List the prime factors of 3317.
31, 107
What are the prime factors of 207?
3, 23
What are the prime factors of 226?
2, 113
List the prime factors of 179.
179
List the prime factors of 4252.
2, 1063
What are the prime factors of 171?
3, 19
List the prime factors of 27481.
27481
What are the prime factors of 15188?
2, 3797
What are the prime factors of 82?
2, 41
List the prime factors of 24157.
7, 17, 29
What are the prime factors of 298?
2, 149
What are the prime factors of 722?
2, 19
What are the prime factors of 1422?
2, 3, 79
What are the prime factors of 1563?
3, 521
List the prime factors of 13365.
3, 5, 11
List the prime factors of 1927.
41, 47
L